 digit of 35741328?
3
What is the millions digit of 1197847199?
7
What is the hundreds digit of 1019044995?
9
What is the millions digit of 84798359?
4
What is the tens digit of 796568070?
7
What is the hundreds digit of 2608698971?
9
What is the ten thousands digit of 507479247?
7
What is the hundreds digit of 9601041184?
1
What is the tens digit of 5576223?
2
What is the tens digit of 5207540?
4
What is the hundred millions digit of 178710128?
1
What is the tens digit of 3003749?
4
What is the hundreds digit of 207677337?
3
What is the thousands digit of 2846532?
6
What is the hundreds digit of 1635175109?
1
What is the ten millions digit of 11080172?
1
What is the hundreds digit of 656007609?
6
What is the hundred millions digit of 479422044?
4
What is the ten millions digit of 1004990541?
0
What is the thousands digit of 2487920762?
0
What is the ten millions digit of 45938073?
4
What is the billions digit of 5459392397?
5
What is the ten thousands digit of 4586101339?
0
What is the ten millions digit of 79277286?
7
What is the units digit of 189960672?
2
What is the tens digit of 537869958?
5
What is the hundred thousands digit of 23050389?
0
What is the ten thousands digit of 156367295?
6
What is the hundreds digit of 431977067?
0
What is the billions digit of 3468674764?
3
What is the tens digit of 17359641?
4
What is the hundreds digit of 5247903?
9
What is the billions digit of 1381531045?
1
What is the ten thousands digit of 30699028?
9
What is the hundreds digit of 234854285?
2
What is the billions digit of 3237141143?
3
What is the ten millions digit of 176413714?
7
What is the ten thousands digit of 7886847?
8
What is the ten thousands digit of 3435915946?
1
What is the tens digit of 2527129801?
0
What is the thousands digit of 221841693?
1
What is the millions digit of 139936530?
9
What is the hundred thousands digit of 146066589?
0
What is the tens digit of 25567873?
7
What is the hundreds digit of 4025937?
9
What is the hundreds digit of 373935036?
0
What is the ten thousands digit of 39906622?
0
What is the hundreds digit of 27915616?
6
What is the thousands digit of 2881416320?
6
What is the millions digit of 450786982?
0
What is the ten millions digit of 949015088?
4
What is the thousands digit of 664184441?
4
What is the thousands digit of 281160160?
0
What is the ten thousands digit of 1609304533?
0
What is the hundreds digit of 125152175?
1
What is the thousands digit of 800744475?
4
What is the hundred millions digit of 1094837993?
0
What is the tens digit of 19778781?
8
What is the hundred thousands digit of 36126419?
1
What is the tens digit of 2412843102?
0
What is the hundred thousands digit of 249760873?
7
What is the ten millions digit of 29456303?
2
What is the tens digit of 115780730?
3
What is the tens digit of 1424866335?
3
What is the thousands digit of 764758855?
8
What is the hundred thousands digit of 4949416022?
4
What is the tens digit of 9440147?
4
What is the ten thousands digit of 94085599?
8
What is the tens digit of 1057592005?
0
What is the millions digit of 57807771?
7
What is the units digit of 193933524?
4
What is the tens digit of 69226625?
2
What is the units digit of 898815749?
9
What is the hundred thousands digit of 90812367?
8
What is the tens digit of 531193969?
6
What is the hundred thousands digit of 760157663?
1
What is the hundred millions digit of 2661175188?
6
What is the hundred thousands digit of 900978645?
9
What is the tens digit of 6008357819?
1
What is the ten thousands digit of 7791973?
9
What is the hundreds digit of 43161645?
6
What is the thousands digit of 1409727105?
7
What is the ten thousands digit of 32052132?
5
What is the hundred millions digit of 194987547?
1
What is the hundred thousands digit of 49141067?
1
What is the thousands digit of 720481512?
1
What is the hundred thousands digit of 613690392?
6
What is the ten thousands digit of 77941025?
4
What is the ten millions digit of 10695183?
1
What is the hundred millions digit of 676196868?
6
What is the thousands digit of 93920071?
0
What is the hundreds digit of 125579752?
7
What is the hundreds digit of 10359382?
3
What is the units digit of 286759641?
1
What is the hundreds digit of 5194898839?
8
What is the hundreds digit of 2335752545?
5
What is the hundred thousands digit of 59660785?
6
What is the ten millions digit of 682487180?
8
What is the hundreds digit of 2611716918?
9
What is the hundred thousands digit of 3173123?
1
What is the millions digit of 47186591?
7
What is the ten millions digit of 18174985?
1
What is the ten millions digit of 96979406?
9
What is the units digit of 788278323?
3
What is the hundreds digit of 22402970?
9
What is the hundreds digit of 1443197617?
6
What is the ten thousands digit of 662748130?
4
What is the tens digit of 89677038?
3
What is the millions digit of 419819811?
9
What is the units digit of 158215525?
5
What is the ten thousands digit of 189590496?
9
What is the ten thousands digit of 20303501?
0
What is the hundred millions digit of 6425495326?
4
What is the tens digit of 497761821?
2
What is the units digit of 138563667?
7
What is the units digit of 77682600?
0
What is the ten thousands digit of 853972641?
7
What is the hundred thousands digit of 977884459?
8
What is the thousands digit of 20718318?
8
What is the ten millions digit of 76861100?
7
What is the billions digit of 1170116715?
1
What is the hundreds digit of 967928914?
9
What is the hundred thousands digit of 170527907?
5
What is the millions digit of 53712780?
3
What is the thousands digit of 90955608?
5
What is the billions digit of 2065112337?
2
What is the tens digit of 4658927?
2
What is the millions digit of 1014483817?
4
What is the tens digit of 26761944?
4
What is the units digit of 2686710718?
8
What is the ten millions digit of 2133395852?
3
What is the ten thousands digit of 122398905?
9
What is the tens digit of 3685919163?
6
What is the ten millions digit of 441749061?
4
What is the ten thousands digit of 293466897?
6
What is the hundred millions digit of 236247082?
2
What is the units digit of 2504452354?
4
What is the hundreds digit of 56375179?
1
What is the hundred millions digit of 167307455?
1
What is the hundreds digit of 134940022?
0
What is the thousands digit of 2339916394?
6
What is the thousands digit of 5074275?
4
What is the ten thousands digit of 1510161497?
6
What is the tens digit of 2054398642?
4
What is the hundred thousands digit of 177574244?
5
What is the thousands digit of 127936367?
6
What is the tens digit of 18988178?
7
What is the hundreds digit of 72792268?
2
What is the tens digit of 621410503?
0
What is the tens digit of 337774172?
7
What is the hundred millions digit of 240956644?
2
What is the units digit of 186764?
4
What is the billions digit of 1218175582?
1
What is the hundred millions digit of 144459853?
1
What is the ten millions digit of 3157831256?
5
What is the tens digit of 491423864?
6
What is the ten millions digit of 13036996?
1
What is the tens digit of 50784523?
2
What is the hundred thousands digit of 2128735845?
7
What is the hundreds digit of 15185170?
1
What is the hundreds digit of 72530398?
3
What is the millions digit of 96818629?
6
What is the units digit of 2783514?
4
What is the hundred millions digit of 996508839?
9
What is the ten millions digit of 7576926261?
7
What is the hundred thousands digit of 88029646?
0
What is the units digit of 41431463?
3
What is the ten thousands digit of 5816535?
1
What is the hundreds digit of 1848269958?
9
What is the hundred thousands digit of 1867191441?
1
What is the millions digit of 47364112?
7
What is the ten thousands digit of 400734002?
3
What is the hundred thousands digit of 10564385?
5
What is the units digit of 3504590272?
2
What is the ten millions digit of 117192306?
1
What is the units digit of 508768385?
5
What is the hundreds digit of 5938927659?
6
What is the units digit of 88372350?
0
What is the millions digit of 753008509?
3
What is the ten thousands digit of 2947517416?
1
What is the millions digit of 671824671?
1
What is the millions digit of 834953718?
4
What is the units digit of 488226571?
1
What is the ten millions digit of 210930361?
1
What is the ten thousands digi